{"id":507,"date":"2021-11-05T17:05:22","date_gmt":"2021-11-05T20:05:22","guid":{"rendered":"http:\/\/ppgzoo.uesc.br\/?page_id=507"},"modified":"2025-10-13T14:10:36","modified_gmt":"2025-10-13T17:10:36","slug":"o-colegiado","status":"publish","type":"page","link":"https:\/\/ppgzoo.uesc.br\/index.php\/o-colegiado\/","title":{"rendered":"Colegiado"},"content":{"rendered":"\t\t<div data-elementor-type=\"wp-page\" data-elementor-id=\"507\" class=\"elementor elementor-507\">\n\t\t\t\t\t\t<section class=\"elementor-section elementor-top-section elementor-element elementor-element-a545db1 elementor-section-boxed elementor-section-height-default elementor-section-height-default\" data-id=\"a545db1\" data-element_type=\"section\" data-e-type=\"section\">\n\t\t\t\t\t\t<div class=\"elementor-container elementor-column-gap-default\">\n\t\t\t\t\t<div class=\"elementor-column elementor-col-100 elementor-top-column elementor-element elementor-element-61e4f5e\" data-id=\"61e4f5e\" data-element_type=\"column\" data-e-type=\"column\">\n\t\t\t<div class=\"elementor-widget-wrap elementor-element-populated\">\n\t\t\t\t\t\t<div class=\"elementor-element elementor-element-38b535f elementor-widget elementor-widget-heading\" data-id=\"38b535f\" data-element_type=\"widget\" data-e-type=\"widget\" data-widget_type=\"heading.default\">\n\t\t\t\t<div class=\"elementor-widget-container\">\n\t\t\t\t\t<h1 class=\"elementor-heading-title elementor-size-default\">Colegiado <\/h1>\t\t\t\t<\/div>\n\t\t\t\t<\/div>\n\t\t\t\t\t<\/div>\n\t\t<\/div>\n\t\t\t\t\t<\/div>\n\t\t<\/section>\n\t\t\t\t<section class=\"elementor-section elementor-top-section elementor-element elementor-element-a539f91 elementor-section-boxed elementor-section-height-default elementor-section-height-default\" data-id=\"a539f91\" data-element_type=\"section\" data-e-type=\"section\">\n\t\t\t\t\t\t<div class=\"elementor-container elementor-column-gap-default\">\n\t\t\t\t\t<div class=\"elementor-column elementor-col-100 elementor-top-column elementor-element elementor-element-c9fff7d\" data-id=\"c9fff7d\" data-element_type=\"column\" data-e-type=\"column\">\n\t\t\t<div class=\"elementor-widget-wrap elementor-element-populated\">\n\t\t\t\t\t\t<div class=\"elementor-element elementor-element-cc2c72f elementor-widget elementor-widget-heading\" data-id=\"cc2c72f\" data-element_type=\"widget\" data-e-type=\"widget\" data-widget_type=\"heading.default\">\n\t\t\t\t<div class=\"elementor-widget-container\">\n\t\t\t\t\t<h2 class=\"elementor-heading-title elementor-size-default\">Composi\u00e7\u00e3o de  agosto de 2024  a agosto de 2026<\/h2>\t\t\t\t<\/div>\n\t\t\t\t<\/div>\n\t\t\t\t\t<\/div>\n\t\t<\/div>\n\t\t\t\t\t<\/div>\n\t\t<\/section>\n\t\t\t\t<section class=\"elementor-section elementor-top-section elementor-element elementor-element-3ab3bcb elementor-section-boxed elementor-section-height-default elementor-section-height-default\" data-id=\"3ab3bcb\" data-element_type=\"section\" data-e-type=\"section\">\n\t\t\t\t\t\t<div class=\"elementor-container elementor-column-gap-default\">\n\t\t\t\t\t<div class=\"elementor-column elementor-col-100 elementor-top-column elementor-element elementor-element-0e770ce\" data-id=\"0e770ce\" data-element_type=\"column\" data-e-type=\"column\">\n\t\t\t<div class=\"elementor-widget-wrap elementor-element-populated\">\n\t\t\t\t\t\t<div class=\"elementor-element elementor-element-71088e8 elementor-widget elementor-widget-text-editor\" data-id=\"71088e8\" data-element_type=\"widget\" data-e-type=\"widget\" data-widget_type=\"text-editor.default\">\n\t\t\t\t<div class=\"elementor-widget-container\">\n\t\t\t\t\t\t\t\t\t<p>1. Alexandre Schiavetti, Coordenador<br \/>2. Mirco Sol\u00e9 Kienle, Vice-Coordenador<br \/>3. Erminda da Concei\u00e7\u00e3o Guerreiro Couto, representante docente<br \/>4. Rodolpho Santos Telles de Menezes, representante docente<br \/>5. Victor Goyannes Dill Orrico, representante docente<br \/>6. Jo\u00e3o Pedro Silva Cl\u00edmaco, representante discente \u2013 Mestrado<br \/>7. Renzo Gon\u00e7alves Tavares, representante discente \u2013 Doutorado<\/p><p><a href=\"https:\/\/www2.uesc.br\/publicacoes\/portarias\/arquivo\/2025\/09\/687_2025.pdf\" target=\"_blank\" rel=\"noopener\">PORTARIA REITORIA UESC N\u00ba 687\/2025<\/a><\/p>\t\t\t\t\t\t\t\t<\/div>\n\t\t\t\t<\/div>\n\t\t\t\t\t<\/div>\n\t\t<\/div>\n\t\t\t\t\t<\/div>\n\t\t<\/section>\n\t\t\t\t<section class=\"elementor-section elementor-top-section elementor-element elementor-element-fd9cb07 elementor-section-boxed elementor-section-height-default elementor-section-height-default\" data-id=\"fd9cb07\" data-element_type=\"section\" data-e-type=\"section\">\n\t\t\t\t\t\t<div class=\"elementor-container elementor-column-gap-default\">\n\t\t\t\t\t<div class=\"elementor-column elementor-col-100 elementor-top-column elementor-element elementor-element-87faa75\" data-id=\"87faa75\" data-element_type=\"column\" data-e-type=\"column\">\n\t\t\t<div class=\"elementor-widget-wrap elementor-element-populated\">\n\t\t\t\t\t\t<div class=\"elementor-element elementor-element-6591983 elementor-widget elementor-widget-heading\" data-id=\"6591983\" data-element_type=\"widget\" data-e-type=\"widget\" data-widget_type=\"heading.default\">\n\t\t\t\t<div class=\"elementor-widget-container\">\n\t\t\t\t\t<h2 class=\"elementor-heading-title elementor-size-default\">Calend\u00e1rio das reuni\u00f5es do Colegiado em 2025<\/h2>\t\t\t\t<\/div>\n\t\t\t\t<\/div>\n\t\t\t\t\t<\/div>\n\t\t<\/div>\n\t\t\t\t\t<\/div>\n\t\t<\/section>\n\t\t\t\t<section class=\"elementor-section elementor-top-section elementor-element elementor-element-d8e9b1d elementor-section-boxed elementor-section-height-default elementor-section-height-default\" data-id=\"d8e9b1d\" data-element_type=\"section\" data-e-type=\"section\">\n\t\t\t\t\t\t<div class=\"elementor-container elementor-column-gap-default\">\n\t\t\t\t\t<div class=\"elementor-column elementor-col-100 elementor-top-column elementor-element elementor-element-1848258\" data-id=\"1848258\" data-element_type=\"column\" data-e-type=\"column\">\n\t\t\t<div class=\"elementor-widget-wrap elementor-element-populated\">\n\t\t\t\t\t\t<div class=\"elementor-element elementor-element-a22256c elementor-widget elementor-widget-text-editor\" data-id=\"a22256c\" data-element_type=\"widget\" data-e-type=\"widget\" data-widget_type=\"text-editor.default\">\n\t\t\t\t<div class=\"elementor-widget-container\">\n\t\t\t\t\t\t\t\t\t<table dir=\"ltr\" border=\"1\" cellspacing=\"0\" cellpadding=\"0\"><colgroup> <col width=\"100\" \/> <col width=\"100\" \/> <col width=\"100\" \/> <col width=\"100\" \/> <col width=\"100\" \/> <col width=\"100\" \/><\/colgroup><tbody><tr><td data-sheets-value=\"{&quot;1&quot;:2,&quot;2&quot;:&quot;31\/01&quot;}\">27\/01 &#8211; 13h30<\/td><td data-sheets-value=\"{&quot;1&quot;:2,&quot;2&quot;:&quot;28\/02&quot;}\"><p>26\/02 &#8211; 09h<\/p><\/td><td data-sheets-value=\"{&quot;1&quot;:2,&quot;2&quot;:&quot;30\/03&quot;}\">27\/03 &#8211; 13h30<\/td><td data-sheets-value=\"{&quot;1&quot;:2,&quot;2&quot;:&quot;26\/04&quot;}\">30\/04 &#8211; 09h<\/td><td data-sheets-value=\"{&quot;1&quot;:2,&quot;2&quot;:&quot;31\/05&quot;}\">28\/05 &#8211; 13h30<\/td><td data-sheets-value=\"{&quot;1&quot;:2,&quot;2&quot;:&quot;27\/06&quot;}\">26\/06 &#8211; 09h<\/td><\/tr><tr><td data-sheets-value=\"{&quot;1&quot;:2,&quot;2&quot;:&quot;31\/07&quot;}\">31\/07 &#8211; 13h30<\/td><td data-sheets-value=\"{&quot;1&quot;:2,&quot;2&quot;:&quot;31\/08&quot;}\">29\/08 &#8211; 09h<\/td><td data-sheets-value=\"{&quot;1&quot;:2,&quot;2&quot;:&quot;27\/09&quot;}\">30\/09 &#8211; 13h30<\/td><td data-sheets-value=\"{&quot;1&quot;:2,&quot;2&quot;:&quot;31\/10&quot;}\">30\/10 &#8211; 09h<\/td><td data-sheets-value=\"{&quot;1&quot;:2,&quot;2&quot;:&quot;30\/11&quot;}\">27\/11 &#8211; 13h30<\/td><td data-sheets-value=\"{&quot;1&quot;:2,&quot;2&quot;:&quot;20\/12&quot;}\">11\/12 &#8211; 09h<\/td><\/tr><\/tbody><\/table>\t\t\t\t\t\t\t\t<\/div>\n\t\t\t\t<\/div>\n\t\t\t\t\t<\/div>\n\t\t<\/div>\n\t\t\t\t\t<\/div>\n\t\t<\/section>\n\t\t\t\t<section class=\"elementor-section elementor-top-section elementor-element elementor-element-a1ce8f2 elementor-section-boxed elementor-section-height-default elementor-section-height-default\" data-id=\"a1ce8f2\" data-element_type=\"section\" data-e-type=\"section\">\n\t\t\t\t\t\t<div class=\"elementor-container elementor-column-gap-default\">\n\t\t\t\t\t<div class=\"elementor-column elementor-col-100 elementor-top-column elementor-element elementor-element-4ac89aa\" data-id=\"4ac89aa\" data-element_type=\"column\" data-e-type=\"column\">\n\t\t\t<div class=\"elementor-widget-wrap elementor-element-populated\">\n\t\t\t\t\t\t<div class=\"elementor-element elementor-element-2dc1498 elementor-widget elementor-widget-heading\" data-id=\"2dc1498\" data-element_type=\"widget\" data-e-type=\"widget\" data-widget_type=\"heading.default\">\n\t\t\t\t<div class=\"elementor-widget-container\">\n\t\t\t\t\t<h2 class=\"elementor-heading-title elementor-size-default\">Composi\u00e7\u00e3o de  agosto de 2022  a agosto de 2024<\/h2>\t\t\t\t<\/div>\n\t\t\t\t<\/div>\n\t\t\t\t\t<\/div>\n\t\t<\/div>\n\t\t\t\t\t<\/div>\n\t\t<\/section>\n\t\t\t\t<section class=\"elementor-section elementor-top-section elementor-element elementor-element-c9daa28 elementor-section-boxed elementor-section-height-default elementor-section-height-default\" data-id=\"c9daa28\" data-element_type=\"section\" data-e-type=\"section\">\n\t\t\t\t\t\t<div class=\"elementor-container elementor-column-gap-default\">\n\t\t\t\t\t<div class=\"elementor-column elementor-col-100 elementor-top-column elementor-element elementor-element-a048ef6\" data-id=\"a048ef6\" data-element_type=\"column\" data-e-type=\"column\">\n\t\t\t<div class=\"elementor-widget-wrap elementor-element-populated\">\n\t\t\t\t\t\t<div class=\"elementor-element elementor-element-00b90ad elementor-widget elementor-widget-text-editor\" data-id=\"00b90ad\" data-element_type=\"widget\" data-e-type=\"widget\" data-widget_type=\"text-editor.default\">\n\t\t\t\t<div class=\"elementor-widget-container\">\n\t\t\t\t\t\t\t\t\t<p>1. Cl\u00e9a dos Santos Ferreira Mariano, Coordenadora<br \/>2. Yvonnick Victor Le Pendu, Vice-Coordenador<br \/>3. Alexandre Schiavetti, representante docente<br \/>4. Iuri Ribeiro Dias, representante docente<br \/>5. Mirco Sol\u00e9 Kienle, representante docente<br \/>6. Leonardo Borges Ribas, representante discente \u2013 Mestrado<br \/>7.\u00a0<span style=\"font-family: Roboto, sans-serif; font-size: 20px; font-style: normal; font-variant-ligatures: normal; font-variant-caps: normal; font-weight: 400;\">Gabrielle Souza de Paula representante discente\u00a0 \u2013 Doutorado<\/span><\/p><p>SUPLENTES:<\/p><p>Janisete Gomes da Silva Miller, representante docente\u00a0<br \/>Jo\u00e3o Pedro Cl\u00edmaco, representante discente\u00a0 \u2013 Mestrado<br \/><span style=\"font-family: Roboto, sans-serif; font-size: 20px; font-style: normal; font-variant-ligatures: normal; font-variant-caps: normal; font-weight: 400;\">Renzo Gon\u00e7alves Tavares, representante discente \u2013 Doutorado<\/span><\/p><p><a href=\"https:\/\/www2.uesc.br\/publicacoes\/portarias\/arquivo\/2022\/08\/447_2022.pdf\" target=\"_blank\" rel=\"noopener\">Colegiado bi\u00eanio 2022\/2024 &#8211; PORTARIA REITORIA UESC N\u00ba 447\/2022<\/a><\/p><p><a href=\"http:\/\/ppgzoo.uesc.br\/wp-content\/uploads\/2021\/11\/425.2020.pdf\" target=\"_blank\" rel=\"noopener\">Colegiado bi\u00eanio 2020\/2022 &#8211; PORTARIA REITORIA UESC N.\u00ba 425\/2020\u00a0<\/a><br \/><br \/><\/p>\t\t\t\t\t\t\t\t<\/div>\n\t\t\t\t<\/div>\n\t\t\t\t\t<\/div>\n\t\t<\/div>\n\t\t\t\t\t<\/div>\n\t\t<\/section>\n\t\t\t\t<section class=\"elementor-section elementor-top-section elementor-element elementor-element-b7cb324 elementor-section-boxed elementor-section-height-default elementor-section-height-default\" data-id=\"b7cb324\" data-element_type=\"section\" data-e-type=\"section\">\n\t\t\t\t\t\t<div class=\"elementor-container elementor-column-gap-default\">\n\t\t\t\t\t<div class=\"elementor-column elementor-col-100 elementor-top-column elementor-element elementor-element-d338fb5\" data-id=\"d338fb5\" data-element_type=\"column\" data-e-type=\"column\">\n\t\t\t<div class=\"elementor-widget-wrap elementor-element-populated\">\n\t\t\t\t\t\t<div class=\"elementor-element elementor-element-6434fab elementor-widget elementor-widget-heading\" data-id=\"6434fab\" data-element_type=\"widget\" data-e-type=\"widget\" data-widget_type=\"heading.default\">\n\t\t\t\t<div class=\"elementor-widget-container\">\n\t\t\t\t\t<h2 class=\"elementor-heading-title elementor-size-default\">Calend\u00e1rio SCBA 2025<\/h2>\t\t\t\t<\/div>\n\t\t\t\t<\/div>\n\t\t\t\t\t<\/div>\n\t\t<\/div>\n\t\t\t\t\t<\/div>\n\t\t<\/section>\n\t\t\t\t<section class=\"elementor-section elementor-top-section elementor-element elementor-element-da3ea5c elementor-section-boxed elementor-section-height-default elementor-section-height-default\" data-id=\"da3ea5c\" data-element_type=\"section\" data-e-type=\"section\">\n\t\t\t\t\t\t<div class=\"elementor-container elementor-column-gap-default\">\n\t\t\t\t\t<div class=\"elementor-column elementor-col-100 elementor-top-column elementor-element elementor-element-85b084e\" data-id=\"85b084e\" data-element_type=\"column\" data-e-type=\"column\">\n\t\t\t<div class=\"elementor-widget-wrap elementor-element-populated\">\n\t\t\t\t\t\t<div class=\"elementor-element elementor-element-81f4716 elementor-widget elementor-widget-image\" data-id=\"81f4716\" data-element_type=\"widget\" data-e-type=\"widget\" data-widget_type=\"image.default\">\n\t\t\t\t<div class=\"elementor-widget-container\">\n\t\t\t\t\t\t\t\t\t\t\t\t\t\t\t<img fetchpriority=\"high\" decoding=\"async\" width=\"721\" height=\"439\" src=\"https:\/\/ppgzoo.uesc.br\/wp-content\/uploads\/2024\/12\/SCBA-2025.png\" class=\"attachment-large size-large wp-image-3547\" alt=\"\" srcset=\"https:\/\/ppgzoo.uesc.br\/wp-content\/uploads\/2024\/12\/SCBA-2025.png 721w, https:\/\/ppgzoo.uesc.br\/wp-content\/uploads\/2024\/12\/SCBA-2025-300x183.png 300w, https:\/\/ppgzoo.uesc.br\/wp-content\/uploads\/2024\/12\/SCBA-2025-18x12.png 18w\" sizes=\"(max-width: 721px) 100vw, 721px\" \/>\t\t\t\t\t\t\t\t\t\t\t\t\t\t\t<\/div>\n\t\t\t\t<\/div>\n\t\t\t\t\t<\/div>\n\t\t<\/div>\n\t\t\t\t\t<\/div>\n\t\t<\/section>\n\t\t\t\t<\/div>\n\t\t","protected":false},"excerpt":{"rendered":"<p>Colegiado Composi\u00e7\u00e3o de agosto de 2024 a agosto de 2026 1. Alexandre Schiavetti, Coordenador2. Mirco Sol\u00e9 Kienle, Vice-Coordenador3. Erminda da Concei\u00e7\u00e3o Guerreiro Couto, representante docente4. Rodolpho Santos Telles de Menezes, representante docente5. Victor Goyannes Dill Orrico, representante docente6. Jo\u00e3o Pedro Silva Cl\u00edmaco, representante discente \u2013 Mestrado7. Renzo Gon\u00e7alves Tavares, representante discente \u2013 Doutorado PORTARIA REITORIA [&hellip;]<\/p>\n","protected":false},"author":1,"featured_media":0,"parent":0,"menu_order":0,"comment_status":"closed","ping_status":"closed","template":"","meta":{"ocean_post_layout":"full-screen","ocean_both_sidebars_style":"","ocean_both_sidebars_content_width":0,"ocean_both_sidebars_sidebars_width":0,"ocean_sidebar":"0","ocean_second_sidebar":"0","ocean_disable_margins":"enable","ocean_add_body_class":"","ocean_shortcode_before_top_bar":"","ocean_shortcode_after_top_bar":"","ocean_shortcode_before_header":"","ocean_shortcode_after_header":"","ocean_has_shortcode":"","ocean_shortcode_after_title":"","ocean_shortcode_before_footer_widgets":"","ocean_shortcode_after_footer_widgets":"","ocean_shortcode_before_footer_bottom":"","ocean_shortcode_after_footer_bottom":"","ocean_display_top_bar":"default","ocean_display_header":"default","ocean_header_style":"","ocean_center_header_left_menu":"0","ocean_custom_header_template":"0","ocean_custom_logo":0,"ocean_custom_retina_logo":0,"ocean_custom_logo_max_width":0,"ocean_custom_logo_tablet_max_width":0,"ocean_custom_logo_mobile_max_width":0,"ocean_custom_logo_max_height":0,"ocean_custom_logo_tablet_max_height":0,"ocean_custom_logo_mobile_max_height":0,"ocean_header_custom_menu":"0","ocean_menu_typo_font_family":"0","ocean_menu_typo_font_subset":"","ocean_menu_typo_font_size":0,"ocean_menu_typo_font_size_tablet":0,"ocean_menu_typo_font_size_mobile":0,"ocean_menu_typo_font_size_unit":"px","ocean_menu_typo_font_weight":"","ocean_menu_typo_font_weight_tablet":"","ocean_menu_typo_font_weight_mobile":"","ocean_menu_typo_transform":"","ocean_menu_typo_transform_tablet":"","ocean_menu_typo_transform_mobile":"","ocean_menu_typo_line_height":0,"ocean_menu_typo_line_height_tablet":0,"ocean_menu_typo_line_height_mobile":0,"ocean_menu_typo_line_height_unit":"","ocean_menu_typo_spacing":0,"ocean_menu_typo_spacing_tablet":0,"ocean_menu_typo_spacing_mobile":0,"ocean_menu_typo_spacing_unit":"","ocean_menu_link_color":"","ocean_menu_link_color_hover":"","ocean_menu_link_color_active":"","ocean_menu_link_background":"","ocean_menu_link_hover_background":"","ocean_menu_link_active_background":"","ocean_menu_social_links_bg":"","ocean_menu_social_hover_links_bg":"","ocean_menu_social_links_color":"","ocean_menu_social_hover_links_color":"","ocean_disable_title":"on","ocean_disable_heading":"default","ocean_post_title":"","ocean_post_subheading":"","ocean_post_title_style":"","ocean_post_title_background_color":"","ocean_post_title_background":0,"ocean_post_title_bg_image_position":"","ocean_post_title_bg_image_attachment":"","ocean_post_title_bg_image_repeat":"","ocean_post_title_bg_image_size":"","ocean_post_title_height":0,"ocean_post_title_bg_overlay":0.5,"ocean_post_title_bg_overlay_color":"","ocean_disable_breadcrumbs":"default","ocean_breadcrumbs_color":"","ocean_breadcrumbs_separator_color":"","ocean_breadcrumbs_links_color":"","ocean_breadcrumbs_links_hover_color":"","ocean_display_footer_widgets":"off","ocean_display_footer_bottom":"off","ocean_custom_footer_template":"0","footnotes":""},"class_list":["post-507","page","type-page","status-publish","hentry","entry"],"_links":{"self":[{"href":"https:\/\/ppgzoo.uesc.br\/index.php\/wp-json\/wp\/v2\/pages\/507","targetHints":{"allow":["GET"]}}],"collection":[{"href":"https:\/\/ppgzoo.uesc.br\/index.php\/wp-json\/wp\/v2\/pages"}],"about":[{"href":"https:\/\/ppgzoo.uesc.br\/index.php\/wp-json\/wp\/v2\/types\/page"}],"author":[{"embeddable":true,"href":"https:\/\/ppgzoo.uesc.br\/index.php\/wp-json\/wp\/v2\/users\/1"}],"replies":[{"embeddable":true,"href":"https:\/\/ppgzoo.uesc.br\/index.php\/wp-json\/wp\/v2\/comments?post=507"}],"version-history":[{"count":156,"href":"https:\/\/ppgzoo.uesc.br\/index.php\/wp-json\/wp\/v2\/pages\/507\/revisions"}],"predecessor-version":[{"id":3955,"href":"https:\/\/ppgzoo.uesc.br\/index.php\/wp-json\/wp\/v2\/pages\/507\/revisions\/3955"}],"wp:attachment":[{"href":"https:\/\/ppgzoo.uesc.br\/index.php\/wp-json\/wp\/v2\/media?parent=507"}],"curies":[{"name":"wp","href":"https:\/\/api.w.org\/{rel}","templated":true}]}}